+ 1 + -3)*o. Calculate a(d).
3
Let w(o) be the second derivative of 5*o**3/3 - o**2/2 - 30*o. Calculate w(1).
9
Suppose z + 4 = -1. Let y(r) = 0*r**2 + 0*r**2 + 11 + 6*r - 4 + r**2. Let a be y(z). Let p(c) = c**3 - c. Calculate p(a).
6
Let j = -11 + 15. Suppose -4*f + 16 = j. Let n(h) = -4 + 4*h + h**2 + 0*h**2 - 5*h. Give n(f).
2
Let z(f) = -f**3 + 7*f**2 + 7*f + 10. Let d be z(8). Let x(s) = -3*s + s**2 + s**2 + 1 - s**d + 4*s. Calculate x(-1).
1
Let o(a) be the first derivative of -a**4/4 - a**3 + 5*a**2/2 - 2*a + 33. Give o(-4).
-6
Let b(y) = -4*y + 3. Let i(u) = -8*u + 6. Let t(q) = 13*b(q) - 6*i(q). Let m be ((-4)/8)/((-2)/12). What is t(m)?
-9
Let m(a) = -a**3 + a**2 + a - 1. Let i be m(1). Let c(w) = -2*w + w**2 + 2 + w**2 + i*w. Suppose -k = 4*k - 10. Calculate c(k).
6
Let y(w) = 11*w - 1. Let f be y(-1). Let s = -7 - f. Let c(h) = h**2 - 5*h + 3. Calculate c(s).
3
Let f(l) = l**2 + l - 6. Let y(t) = -t**2 + 7. Let q(d) = -6*f(d) - 5*y(d). Let r = -5 - -6. Let u be 5/4*(-5 + r). Determine q(u).
6
Let s(b) = b**2 + 7*b - 24. Let v be s(-10). Let p(h) = -h**2 + 5*h + 6. Give p(v).
0
Let n(z) = 2*z - 7. Let i(b) = -b**2 - 3*b + 10. Let x be i(-7). Let t(l) = -l**3 - 19*l**2 - 19*l - 12. Let r be t(x). Give n(r).
5
Suppose 0 = 4*x - 3*y + 32, x = 5*x + 3*y + 8. Let m(n) = -n**2 - 6*n - 3. What is m(x)?
2
Let t(w) = -13*w**2 + 2*w + 4. Let v(b) = -26*b**2 + 3*b + 7. Let c(i) = 5*t(i) - 3*v(i). Calculate c(1).
13
Let j(y) be the third derivative of 0 - 5*y**2 + 1/3*y**3 + 0*y + 1/12*y**4. Calculate j(-2).
-2
Suppose 13 = -2*n + 4*j - 9, 2*j = 10. Let d(a) = 4*a**2 - 3*a + 1. Let c(b) = 9*b**2 - 7*b + 2. Let o(l) = -3*c(l) + 7*d(l). Give o(n).
2
Suppose -6*o - 11 - 1 = 0. Let u(w) = 2*w**2 + 4*w + 2. Determine u(o).
2
Let v(c) = c**3 - 10*c**2 + 10*c - 12. Let r(i) = -11*i - 101. Let l be r(-10). Give v(l).
-3
Let u(w) = 380*w + 1 - w**2 + 0*w**2 - 385*w + 2. Let n be ((-18)/21)/(3/21). Calculate u(n).
-3
Suppose 2 + 4 = -3*y. Let b = y + 6. Let k(o) = -o**3 + 5*o**2 - 6*o + 1. What is k(b)?
-7
Let q(i) = 5*i - 3. Let y(r) = -r. Let g(c) = -q(c) - 6*y(c). Give g(-5).
-2
Let o(l) = -2*l**2 + 7*l - 5 + 5*l**2 - 4*l. Let v(d) = -4*d**2 - 4*d + 6. Let j(q) = -5*o(q) - 4*v(q). Calculate j(-2).
3
Let w(b) = 7*b + 2*b**2 + 2*b**2 + 6 - 3*b**2 + 3. Let a be w(-6). Let h(z) = -z**3 + 3*z**2 - z - 1. Determine h(a).
-4
Let r(v) be the third derivative of 1/20*v**5 + 1/120*v**6 + 0*v + 4*v**2 - 2/3*v**3 + 0 - 1/12*v**4. Determine r(-3).
2
Let k be 6*-3*1/(-6). Suppose -k*p - 12 - 6 = 0. Let q = p + 6. Let v(z) = z**3 + 6. Calculate v(q).
6
Let p(o) = 2 - 112*o + 3 + 115*o - 4*o**3 + 3*o**3 + 2*o**2. Suppose 0 = -4*v + 18 - 2. Determine p(v).
-15
Let z(p) = -p**3 - 8*p**2 - 1. Let t be z(-8). Let b(h) = -5*h + 1. Give b(t).
6
Suppose -10 = -2*b - 4. Let h(t) = -t**b + 4 - 3 + 4*t**2 - t**2 - t. Suppose 6 = -4*c + 7*c. Calculate h(c).
3
Let r(o) = 2*o**2 + o - 1. Suppose f + 5 = 15. Suppose 4*l = 4*u + 9*l + 22, -f = 2*u + 2*l. Determine r(u).
14
Suppose 3*l = -5*q - 0*l - 7, 3*q = -l - 5. Let y(d) = -3*d**2 - 4*d - 2. Give y(q).
-6
Let t(u) = -3*u - 9. Let h(w) = 2*w + 8. Let s(n) = 4*h(n) + 3*t(n). Suppose -2*d + 5 = -5. Let p be d + -3 + 2 + 1. Calculate s(p).
0
Let a(m) = m**3 - 7*m**2 - m + 5. Suppose v - 3*c + 8 = 0, 5*v - 2*c = 5 + 20. What is a(v)?
-2
Let c = -20 - -14. Let b(q) = -2*q - 7. What is b(c)?
5
Let p(y) = -y**2 + y + 2. Let z(d) be the second derivative of -d**4/12 + 2*d. Let b be z(-2). Let o = -4 - b. Determine p(o).
2
Let a(q) be the first derivative of -q**2/2 - 17*q - 56. Give a(0).
-17
Let s(x) = -40*x**3 - 41*x**3 - 1 + x + 82*x**3 - 4*x + 2*x**2. Determine s(-3).
-1
Let b(r) = -2*r - 9. Let k be b(-4). Let l(o) = -3*o**3. Give l(k).
3
Let x(o) = o**2 - 6*o + 11. Let d(p) = -p**2 + 6*p - 10. Let j(z) = 6*d(z) + 5*x(z). Give j(4).
3
Let y(z) = 4*z + 3. Suppose 0 = -5*h - q + 17 + 3, 32 = 4*h + 4*q. Calculate y(h).
15
Let u(t) = 3*t - 4. Let h(q) = q**2 + 15*q - 3. Let m be h(-15). What is u(m)?
-13
Let t(y) be the first derivative of y**4/4 - 4*y**3/3 + 2*y**2 - 6*y - 22. What is t(4)?
10
Let j(r) = r**2 + 23*r - 21. Let t be j(-24). Let l(f) = -f + 4 + 3 - 3. Calculate l(t).
1
Let g = 3 + 0. Suppose 0 = n + g*n - 4. Let u(c) = 34*c - 73*c + c**2 + 41*c - 2*c**2 - 1. Give u(n).
0
Let s(q) = 7*q**2 - 2*q + 3. Let k be s(1). Let n(v) = v**2 - 9*v + 10. Determine n(k).
2
Suppose 0 = -10*o + 13*o - 3. Let x(c) = -6*c**3 + c**2 - 2*c + 1. Determine x(o).
-6
Suppose -16 = 2*y + 2*y. Let t(x) = 3. Let n(s) = -s. Let a(g) = n(g) - t(g). What is a(y)?
1
Let y = -15 + 16. Let p(w) = 8*w**3 - w**2 - w + 1. What is p(y)?
7
Suppose -16 = 5*b - 6. Let s(j) be the third derivative of j**4/8 + j**3/2 + 4*j**2 - 2*j. Give s(b).
-3
Suppose v + 6 = 3*v. Let u = v + -4. Let o(s) = 6*s**2 - 2*s - 1. Give o(u).
7
Let h(w) = w**2 - 4*w - 2. Suppose j - 3*o - 7 = 8, o = -2*j + 2. Let d be (3 - (-3)/j)/2. Suppose d*p + p - 15 = 0. What is h(p)?
3
Let t(u) = -2 + u**2 + 5 - u - 5. What is t(0)?
-2
Let q(k) = 3*k**3 + 5*k**2 + 4*k + 15. Let h(a) = a**3 + 2*a**2 + a + 5. Let j be (-4)/6*(-1 - 2). Let n(o) = j*q(o) - 7*h(o). Give n(-4).
-9
Let n(v) = 17*v**2 - 7*v**2 + 2*v - 6*v**2. What is n(-2)?
12
Let c be (-4)/((-4)/(-2)) - -4. Let a(k) = 1 + 3*k**c - 4*k + 0 - 2*k**2. Determine a(2).
-3
Let c(f) = -f - 3. Let g(o) = o**2 - 3*o**2 - o + o**2 + 6*o**3. Let p be g(-1). What is c(p)?
3
Let m(o) = o + 1. Let c(q) = 7*q**2 + 7*q. Let i(v) = -15*v**2 - 15*v. Let u(d) = -13*c(d) - 6*i(d). Let l(h) = -2*m(h) - u(h). Let x = 28 - 26. Determine l(x).
0
Let o(m) = -3*m - 33. Let j(v) = -2*v - 22. Let f(l) = 7*j(l) - 5*o(l). Calculate f(-7).
4
Let n(x) be the first derivative of 2*x**3/3 - x**2/2 + x + 1. Let l be n(1). Let u(c) = -9*c**3 - 1 + 2*c**2 - 2*c**2 + l*c - c**2. What is u(1)?
-9
Let r be 2/(-1 - 10/(-6)). Suppose y - 12 = r*y. Let k(t) = t**2 + 7*t + 7. Determine k(y).
1
Let f(g) be the second derivative of g**5/20 - g**4/2 - 7*g**3/6 + 5*g**2 + 40*g. Give f(7).
10
Let o(p) = -9*p**2 - p + 7*p**2 + 5*p**2 + 1 - 4*p**2. What is o(1)?
-1
Let u(c) = -2*c**2 + 364 + c**2 - 370 - 4*c. Give u(-6).
-18
Suppose 4*i = 5*i - 1. Let x(u) = -5*u**3 + 2*u**2 - 4*u - 9. Let z(o) = o**3 - o**2 + 1. Let c(q) = i*x(q) + 6*z(q). Calculate c(5).
2
Let m(b) = b**2 + 5*b - 2. Let i be (2/(-6))/(-1)*-15. Determine m(i).
-2
Suppose -2*w = -1 - 11. Let l(q) = q**3 - 3*q**3 - 4*q**2 + w*q**2 - 1. What is l(-1)?
3
Let u(y) = -3*y**2 + y**2 - 4 + y**2 - 1 - y. Calculate u(0).
-5
Let o(v) = -v**3 + 6*v**2 + 6. Suppose 2*x - 2*s = -24, 2*x - s + 45 = -2*x. Let j(r) = -r - 5. Let h be j(x). Calculate o(h).
6
Let v(h) = 2*h + 8. Suppose -2*l + 39 = -9. Let s be -3*4/(l/14). What is v(s)?
-6
Let m(a) = -a + 8. Let y(r) = 4*r**2 + 10*r. Let o be y(-3). Calculate m(o).
2
Let c = -20 - -22. Let b(v) = -v + 4. Let g(w) = 2*w - 7. Let y(r) = 11*b(r) + 6*g(r). Determine y(c).
4
Let c(k) = 2*k**2 + 2*k. Suppose -l - 3*l - 24 = 0. Let q = -4 - l. Determine c(q).
12
Let m(x) be the first derivative of -x**5/20 - x**4/3 - x**3/2 + 2*x**2 - 2*x + 1. Let i(g) be the first derivative of m(g). Let n = -7 - -4. What is i(n)?
4
Let z(b) = -58 + 0*b + 62 - b. Let l(o) = -o**2 + o + 12. Let n be l(0). Let x = -8 + n. What is z(x)?
0
Let u(c) = 25*c + 4*c**2 + 0 - c**3 - 1 - 21*c + 0. What is u(5)?
-6
Let m(s) = -s**2 - 4*s + 2. Suppose -g - 12 = 5*h + 2, -5*g - h - 22 = 0. What is m(g)?
2
Let n(u) = -u**3 + u**2 + 10. Suppose -5*l - 3*i + 0*i = -6, 2*l - 8 = -4*i. What is n(l)?
10
Suppose -z + 1 = 6. Let a(u) = u**3 + 6*u**2 + 4*u - 6. What is a(z)?
-1
Let r(u) = -2*u**2 + 3*u + 5. Suppose -2*m + 6 = 0, -h + m - 4 + 5 = 0. What is r(h)?
-15
Let a(w) = w**3 + 10*w**2 + w + 10. Let d be a(-10). Suppose d = -0*f - f + 1. Let s be 1/(f/(-7)) + 2. Let r(j) = -j + 4. Determine r(s).
9
Let b(j) = j**3 + 4*j**2 - 3*j. Let u be (-45)/10 - (3 - 7/2). Calculate b(u).
12
Let v(h) be the second derivative of 1/6*h**4 - 1/20*h**5 + 0*h**2 - 3*h + 1/6*h**3 + 0. Give v(-1).
2
Let a(p) = -p**2 - p - 1. Let d(y) = -5*y**2 - 3*y - 11. Let l(m) = 6*a(m) - d(m). Let h be (-3)/(-5) - 168/30. What is l(h)?
-5
Suppose 6 = 2*m + 2. Suppose -2*l + s + 11 + 1 = 0, -m*l - 3*s + 4 = 0. Let c(r) = -7 + 4*r + 0*r - r. What is c